7*q - 3. Suppose 0 = -i + 2*a - 2, -3*a + 7 = -3*i + 2*a. What is s(i)?
9
Let y = -48 + 50. Let l(x) = -x. Let d(c) = -6*c - 1. Let w(k) = d(k) - 2*l(k). Determine w(y).
-9
Let a(w) be the second derivative of w**7/280 - w**5/120 + w**3/2 + 4*w. Let r(q) be the second derivative of a(q). Determine r(1).
2
Let t(j) = -3*j**3 - 5*j**2 + 1. Let b(x) = -4*x**3 - 6*x**2 - x. Let p(z) = 2*b(z) - 3*t(z). Give p(-4).
-11
Let g(u) = u**3 + u + 1. Let z(i) = -7*i**3 - i**2 - 3*i - 8. Let b be (-1 - 0) + -6 + 13. Let l(j) = b*g(j) + z(j). Calculate l(2).
-8
Let n(p) be the second derivative of -11*p**4/12 + 2*p**3/3 + 15*p**2/2 - 4*p. Let q(v) = -5*v**2 + 2*v + 7. Let r(m) = -4*n(m) + 9*q(m). Give r(5).
-12
Let h = 0 - 0. Suppose h = -0*g - g - 3, -18 = -b + 5*g. Let v(m) = 2 - 6*m**2 + 5*m**2 - 3 + 4*m. Determine v(b).
2
Let q(z) be the first derivative of 4 - 3*z - 3 + 3*z - z**2. What is q(1)?
-2
Let t be (8 + 1)*(-7)/(-21). Suppose 3*i + t = 0, -3*j + i = -j - 9. Suppose -5*o = -5*y - 10, 7*o - 6 = 2*o + j*y. Let c(l) = 4*l**2 + 3*l + 1. Determine c(o).
11
Let v(x) = -5*x - 3. Let s(t) = -t. Let z(o) = -6*s(o) + v(o). What is z(-3)?
-6
Let h(a) = -a - 5. Let t be 0/(2 + 0 + 0). Calculate h(t).
-5
Suppose -b + 19 = 3*r + 3*b, -4*r + 16 = -4*b. Suppose 0*n + 15 = -n + r*o, -16 = -4*n + o. Suppose 5*j + n + 10 = 0. Let u(w) = 3*w + 1. Determine u(j).
-8
Let a(i) be the first derivative of -3*i**4/4 - 4*i**3/3 - i**2 + i + 3. Suppose -2*k = 3*k - 4*p + 2, 3*k = 4*p + 2. Calculate a(k).
13
Suppose -5*f = 3*n - 11, 5*n - n + 24 = 3*f. Let o(i) = i - 1. What is o(f)?
3
Let i(l) = l**2 + 10*l - 1. Let p be i(-10). Let b(w) = 6*w + 1. What is b(p)?
-5
Let y(h) = -h**2 + h - 1. Let b(k) = -4*k**2 + 3*k - 3. Let n(m) = -b(m) + 3*y(m). Give n(-2).
4
Let l(z) be the third derivative of -z**6/120 + z**5/30 + z**4/4 - 2*z**3/3 - 2*z**2. Give l(4).
-12
Let n(y) = y**2 - y + 1. Let j(z) = z - 1. Let d be j(1). Determine n(d).
1
Let m be 4/6*30/4. Let v(g) = g. Let a(u) be the first derivative of -u**2 - 10*u + 1. Let f(r) = a(r) + 3*v(r). Give f(m).
-5
Let m(s) = -4 - 5*s - 6*s**2 - 1 + 2 + 7*s - s**3. What is m(-6)?
-15
Suppose -5*p - 5*k = 0, -2*p = -3*k - 20 - 0. Let b(f) be the first derivative of 5/2*f**2 - 1/4*f**p - 5/3*f**3 - 8*f + 3. Calculate b(-6).
-2
Let j(d) = -d**2 - 7*d - 5. Let z = 0 + -5. Calculate j(z).
5
Let m(j) = j + 8 + 2 - 1 + 0. Let n = -43 + 67. Suppose -4*i = -5*i + b - 8, -i = -5*b + n. Calculate m(i).
5
Let s(t) = -2*t - 7. Let a be 54 + (-2 - -2)/3. Let i be 4/18 - 282/a. Let k be s(i). Let u(o) = -o**2 + 3*o - 3. Calculate u(k).
-3
Let y(b) = 1 - 3 + b - 8 + 1. Let p(k) = k**3 + k**2 - 6*k + 5. Let r be p(2). What is y(r)?
-4
Let r(k) = -k**3 + 4*k**2 + 4*k + 5. Let x be r(5). Let o(l) = x*l - 3 + l + l - 2*l**2. Let z(p) = p**3 + 6*p**2 + 2. Let f be z(-6). Give o(f).
-7
Let s(o) be the third derivative of 0*o + 1/3*o**3 + 7/24*o**4 + 2*o**2 + 0 + 1/60*o**5. What is s(-6)?
-4
Suppose 2*d = u + 11 - 3, 0 = -u - 3*d + 7. Let v(y) = -2 - 2*y - 2*y + 0*y. Give v(u).
6
Let d(c) = -c + 2. Let u be d(2). Let l(o) = -o**3 + o**2 - o - 4. Give l(u).
-4
Let d(a) be the second derivative of a**5/20 + 7*a**4/12 + a**3 - 3*a**2/2 - 4*a. Calculate d(-6).
-3
Let t(k) = 3*k + 1. Suppose -10 = -0*x + 5*x. What is t(x)?
-5
Let z(f) = -f**2 + 321 + f**3 - 321. Let u be (2 - -1)/1 + -2. Determine z(u).
0
Suppose -3 - 3 = -2*i. Let v(h) = h + 2. Give v(i).
5
Let y(a) = 3*a - 4. Suppose -i = i - 5*z + 14, 19 = 5*i + z. Determine y(i).
5
Let z(j) = -j**3 - j**2 - j. Let o be z(-1). Let w(i) be the third derivative of -5/24*i**4 - 1/6*i**3 + 9*i**2 + 0*i + 0. Calculate w(o).
-6
Let s(x) = 4 + 0*x + 3 + 2*x. Let n(k) = 10*k - 55. Let a be n(5). Give s(a).
-3
Let c be 28 - (3 - 3 - -1). Let o(l) = 28 + l - c + l. What is o(3)?
7
Let f(g) = 7*g**2 + 5*g + 8. Let y(l) = -l**2 - 1. Let i(o) = -f(o) - 6*y(o). Suppose 2*x - 8 = 4*x. Give i(x).
2
Suppose 2*z + 30 = 3*i + 2*i, 2*i - 18 = 2*z. Let w(x) = -5*x - 5. Give w(z).
20
Let y = 12 + -10. Suppose -16 = -4*t, 4 + 4 = y*r + 3*t. Let z(d) = d + d**3 - 1 + 2 + 0*d**3 + 0*d + d**2. Calculate z(r).
-5
Let k be (-115)/(-30) - (-1)/6. Suppose -3*j - q = 3, -2 = j + j + k*q. Let p(m) = m - 1. Calculate p(j).
-2
Let c(o) be the third derivative of o**6/120 + o**5/20 - o**4/8 - 5*o**3/6 - 5*o**2. Determine c(-4).
-9
Let i(c) = 5 + 6*c - 5*c**2 + 2*c**2 + 0*c**2 + 2*c**2. Calculate i(5).
10
Let a(t) = t. Let k = -2 + 2. Calculate a(k).
0
Let j = 30 - 37. Let d = j - -11. Let w(l) = -7*l**3 + 15*l**2 - 14*l + 12. Let g(u) = -3*u**3 + 7*u**2 - 7*u + 6. Let y(v) = 5*g(v) - 2*w(v). What is y(d)?
-6
Let p(b) be the second derivative of b**5/20 - b**3/6 - b**2/2 - 4*b - 3. What is p(-1)?
-1
Suppose -6*k + k = -35. Suppose 2*z - k*z = 15. Let j(v) = v**2 - v - 2*v**2 + 5*v - 1 + 2*v**2. Determine j(z).
-4
Let c be 39/15 + 2/5. Let q(k) = -4 - c*k - 2*k + 0*k + k**2. Calculate q(5).
-4
Let w(n) = 4*n - 3. Let i(z) = -9*z + 6. Let b(c) = -6*i(c) - 13*w(c). Let t be ((-2)/(-3))/(1/(-3)). Give b(t).
-1
Suppose 4*d + 5*j - j = 12, -j + 7 = 3*d. Suppose h + 2*b + 8 = 5*b, -d = -2*b. Let a = h + 8. Let y(w) = w**3 - 3*w**2 + 2. What is y(a)?
2
Let o(p) = -p - 9. Let g(w) = w + 8. Let n(z) = 4*g(z) + 3*o(z). Let i be n(-8). Let h(c) = -2*c + 2. What is h(i)?
8
Let s(l) = l**2 + 6*l - 9. Let t(c) = -c**2 - 5*c + 8. Let j(u) = -3*s(u) - 4*t(u). Calculate j(5).
30
Suppose 3*g + 7 = 19. Let n(h) = 5*h**2 + 0 - 3*h - g - 4*h**2 + 0*h**2. Let f = 16 - 11. What is n(f)?
6
Let i(h) = -14*h**2 - 2*h - 1. Let m be (-3 - 0) + -1 + 3. Determine i(m).
-13
Let l(o) = 5 - o**2 - 7*o + 3*o**2 - 4*o**2 + 4*o**2. Determine l(4).
9
Let v(o) be the first derivative of o**2 - o + 102. Let j = 4 - 2. Determine v(j).
3
Let y(l) = -6*l - l**2 - 2 - 9 + 5*l. Let k(a) = 6*a**2 + 5*a + 55. Let n(i) = -2*k(i) - 11*y(i). What is n(0)?
11
Let k(r) be the third derivative of 0*r + 1/120*r**6 + 0 + 4/3*r**3 + 1/24*r**4 + 5*r**2 + 1/10*r**5. What is k(-6)?
2
Let j(r) = 30*r - 81. Let l(f) = 3*f - 8. Let h(p) = 2*j(p) - 21*l(p). Let w be 0*1/6*2. Suppose 5*y - 4*q - 5 = q, -5*y + 2*q + 14 = w. Calculate h(y).
-6
Let w = -5 - -31/6. Let q(b) be the second derivative of -w*b**4 + 1/2*b**2 + 0 - 1/3*b**3 + 2*b. Give q(-2).
-3
Let n(k) = -2*k. Suppose -p - q + 1 = 0, 5*q - 5 - 10 = 5*p. Let f(s) = s**2. Let z be f(p). Calculate n(z).
-2
Let y be 1*1*2/1. Suppose -y*d = 2*d - 28. Let i be 2/1 - 1*d. Let o(f) = f + 1. Calculate o(i).
-4
Let l(u) = 6*u - 1. Let a be l(1). Suppose 0 = 8*j - 3*j - 150. Let w(d) = -7 + j*d**2 + d - 4*d**3 - 35*d**2 + 5*d**3. What is w(a)?
-2
Let p(r) = 2*r - 1 + 3 - r**2 + 2*r**2. Let u = -6 - -1. Let c = 2 + u. What is p(c)?
5
Let r = 11 + -17. Let w(x) = -x**3 - 5*x**2 + 7*x - 4. Calculate w(r).
-10
Let i be (-37)/5 - (2/(-5) + 0). Let q(k) = -k - 8. What is q(i)?
-1
Let o(q) = -7*q**3 - 2*q - 1. Suppose z - 5 = -6. Give o(z).
8
Let y be (-9)/12*-4 - 5. Let v(z) = 4*z**3 + z**2 - 3*z - 3. What is v(y)?
-25
Let c(x) = 14*x - 8. Let v(n) = n. Let h(w) = c(w) - 12*v(w). What is h(-6)?
-20
Let n(l) be the third derivative of l**5/12 - l**4/24 + l**3/6 - 26*l**2. Give n(1).
5
Let g(q) = -q**2 - 2*q - 3. Suppose 0 = -5*n + 1 + 4. Let c be 1/1 - (n - -2). Let d = c + 0. Calculate g(d).
-3
Let t(a) be the second derivative of -a**4/4 - a**3/3 - a**2/2 - 9*a. What is t(-1)?
-2
Let d be -1*(0 - -3) + 3. Let m(n) be the first derivative of 1 + 3/2*n**2 + d*n. Give m(1).
3
Suppose -4*m = -4 - 4. Let k(f) = 3*f**3 - f. Let d(i) = -6*i**3 - i**2 + i + 1. Let z(p) = -2*d(p) - 5*k(p). What is z(m)?
-12
Let i(u) = -u**2 + 8*u - 8. Let z(j) = 2*j**2 - 17*j + 17. Let b(c) = -5*i(c) - 2*z(c). Suppose 2*k = 3*v - 2, 0*v = -3*k + 3*v + 3. Give b(k).
1
Let p be 5 + -2 - (-1 - 0). Let j(v) = 4 + 1 - 4*v - p. Determine j(2).
-7
Let v(s) = -s. Suppose -t - 4*t + 20 = 0. Let m = t + 1. Let b = -2 + m. Determine v(b).
-3
Let u(m) = m**3 - m**2 + m - 2. Let h(d) = d**3 - 2*d - 1. Let t be 7/28 + (-5)/4. Let g be h(t). Calculate u(g).
-2
Let v(x) = 2*x**2 - 5*x**2 + 5*x + 2 + x**2. Calculate v(4).
-10
Let t(q) = 12*q**2 - 9*q**2 + 2*q - 6*q + 4 - q. Determine t(3).
16
Let p(k) = -3*k + 9 - 10 - 2*k - 2. Calculate p(-2).
7
Let n(q) = q + 1. Let v(d) = -9*d - 5. Let z be v(